*v**3 - 6*v**2 + 8*v + 6. Let c(s) = s**3 + s + 1. Let y(h) = 3*c(h) - m(h). Suppose -5*f = 10 - 35. Calculate y(f).
-3
Let f(m) be the first derivative of -m**2/2 - 2*m + 38. Give f(-3).
1
Let x(q) be the third derivative of -q**5/60 - q**4/6 + q**3/3 + q**2. Let l = 0 - 3. Let o = l + -2. Calculate x(o).
-3
Suppose -2*x - 4*b = 18, -4*x - 17 = b + 5. Let y(j) = -j**3 - 5*j**2 + 2*j - 4. Let q(u) = u - 1. Let s(v) = -3*q(v) + y(v). Give s(x).
4
Let h(k) = 2*k + 2*k - 6*k + 3 - k**2. Give h(2).
-5
Suppose -1 = -y + 4*i, -4*y = -2*i - 2 - 2. Let j(l) = l**2 - 5*l + 1. Let u be j(5). Let k = u - y. Let n(o) = -o - 6. Give n(k).
-6
Let a(j) be the first derivative of 3*j + j**2 + 3 + 1/3*j**3. Let k(p) = p. Let m be k(-2). What is a(m)?
3
Let x(s) = -s**3 - s**2 + 4*s + 4. Let g be 170/(-50) + 2/5. Give x(g).
10
Let p(z) = -2*z + 2. Let g(j) = j**2 - 9*j + 10. Let k be g(7). Let b(o) = -2*o + 2. Let d(u) = k*p(u) + 3*b(u). Calculate d(2).
2
Let j(i) = 2*i - 2. Let m be 4/(4*(-3)/(-12)). What is j(m)?
6
Let i(m) = m**3 + 3*m**2 + 2*m - 4. Let h(d) = d**3 + 3*d**2 + 2*d - 4. Let r(x) = -3*h(x) + 4*i(x). Calculate r(-3).
-10
Let k(w) = -2*w**2 - w + 2. Suppose -c - i + 4 = -0*i, 2*c = -4*i + 12. Give k(c).
-8
Let w(a) = a + 1. Let x be w(1). Suppose f - x*p - 3 = 5, -5*p + 55 = 5*f. Let v = 10 - f. Let r(l) = l**3 - l**2 - 8. Calculate r(v).
-8
Let y(b) = 16 - 18 - 20*b + 19*b. Let p be -6 - (0 - (3 + -1)). Determine y(p).
2
Let p = 1 - -1. Let v(w) = -3*w**2 + p*w + 0*w**2 - 3*w + 2 + w**3. Give v(3).
-1
Let u = 7 - 1. Let n = 24 - u. Let m(k) = 5*k + n - 18. Determine m(-1).
-5
Suppose 0 = h - 5 - 0. Let j(d) be the second derivative of -d**5/20 + d**4/2 - 2*d**3/3 + d**2 + 3*d. Calculate j(h).
7
Let c(l) = 3*l + 1. Let d(q) = 7*q + 3. Let r(f) = 5*c(f) - 2*d(f). Let x be 1 - (-1 - 1)*-1. What is r(x)?
-2
Let x = 2 + -3. Let z(m) = 7*m**3 - m**2. Give z(x).
-8
Let v(j) = -5*j + 0*j + 0*j**3 - 2 - j**3 + 2*j + 4*j**2. Let m(h) = -h**2 + 6*h + 7. Let f be m(7). Suppose 5*a - 9 = 3*r, f = -2*a - 3*r + 7*r - 2. Give v(a).
-2
Let n(j) be the first derivative of -j**3/3 - j**2/2 + 6*j + 20. Calculate n(0).
6
Let s(t) = t**3 + 3*t**2 + 2*t + 4. Suppose 3*z = 27 + 36. Suppose -4*o = -4*n + 32, 3*n = -2*o + 4*o + z. Calculate s(o).
-2
Let w(u) = u + 8. Let y be w(-6). Let q(b) = b + 2. Give q(y).
4
Let o = 0 + 1. Let t(y) = 45*y + 5. Let l(b) = -4*b - 4*b - 1 - b. Let h(x) = -11*l(x) - 2*t(x). Determine h(o).
10
Let c(l) = 5*l**2 + 3*l. Let p(n) = n**2 + n + 1. Let x(f) = c(f) - 2*p(f). Let v = -300 + 302. Give x(v).
12
Let d(w) = -w**3 + 2*w**2 - 4*w + 2. Let y(p) = 2*p - 3. Let u be y(5). Suppose 2*f + 2*b + 12 = u*f, -f + 2*b = -4. Give d(f).
-6
Let v(j) = 30 - j**2 - 11*j**2 - 29. Give v(1).
-11
Let m(r) = r**2 - 4*r + 3. Let t be (3*-11)/(-3)*1. Suppose 1 = -y + 2*s + 4, 2*y + s - t = 0. Suppose 0 = -y*i - 20, -7*j + 2*i = -3*j - 20. Give m(j).
0
Let g(w) = w + 1. Let r(m) = -5*m. Let b(h) = -6*g(h) - r(h). Calculate b(0).
-6
Let p(t) = 2 - 5 - 2*t + 0. Let n(g) = -g**2 - 5*g + 5. Let m be n(-5). Suppose m*d = s + 9, d - 4*d + 7 = -s. Calculate p(s).
5
Suppose 0 = -7*q + 2*q - 10. Let u(w) = -2*w**3 + w**3 + 2 - 2*w**2 + w - 2*w. What is u(q)?
4
Let t(s) = s**3 - 2*s**2 - 2*s + 4. Let c(u) = -u**2 + 9*u - 5. Suppose x = 2*x - 8. Let d be c(x). Calculate t(d).
7
Let j(c) = c**2 + c - 1. Let g(w) = -12*w**2 + 1. Let t(v) = g(v) + 2*j(v). Determine t(1).
-9
Let h(t) = -4*t**2 + t - 1. Let q = 9 - 7. Let c = -1 + q. Give h(c).
-4
Let r(s) = 6 - 19 + 18 - s + 6*s. Determine r(-5).
-20
Let p(t) = 3*t + 1. Suppose 5*r + 7 = -5*a + a, 3*a - 5*r + 14 = 0. Determine p(a).
-8
Suppose 0 = 9*z - 11*z. Suppose 2*w + z = 12. Let f(g) = g. What is f(w)?
6
Let s(o) be the first derivative of 4 + 2*o + 3/2*o**2 - 1/3*o**3. Suppose 3*l + 14 = 3*z + 38, 5*l = -z + 16. What is s(l)?
-2
Suppose -v + 6*v - 2*m + 27 = 0, 2*v + 22 = -2*m. Let z(t) = t**3 + 8*t**2 + 9*t + 8. What is z(v)?
-6
Let f be (-1 + -2 + 4)*3. Let s(n) = -2*n**f + 0*n**3 - 1 - n + 4*n**3. Suppose 4*k = c + 21 - 8, -c - 4*k + 11 = 0. What is s(c)?
-2
Suppose -a - 5 = -h + a, 5*h - 3*a = 25. Let d(w) = w**2 - w - 6. What is d(h)?
14
Suppose -2*f + 30 = 3*f. Let y(a) = -a**3 + 5*a**2 + 6*a + 3. Give y(f).
3
Let i(c) = c**2 + 6*c + 3. Let z = -46 - -39. Give i(z).
10
Let a = 3 - -2. Let y(h) = -h + 10. Let x be y(a). Let u(c) = -c**3 + 6*c**2 - 5*c + 5. What is u(x)?
5
Let q be 0*(-1)/2 - 1. Let w be (q - -3)*-1 - -1. Let j(s) = -2*s**2 - 1 + 2 + s**2 + 4*s**3. What is j(w)?
-4
Let s(d) = d - 6. Let k be 4/(-10) + (-288)/(-45). Give s(k).
0
Let o(m) = -m - 10. Let f be 2/(-7) + (-188)/28. What is o(f)?
-3
Let p(g) = 7*g - 17. Let n be p(3). Let x(c) = -c + 5. Determine x(n).
1
Let g be (10/5)/((-4)/(-6)). Let r(h) = 3*h - 13*h**3 - h**2 - 2*h + 3*h**g. Calculate r(1).
-10
Let v be (-2)/(-6) - (-4)/6. Let f(r) = 1 + 0*r + v - r. Suppose 16*t - 3 = 29. What is f(t)?
0
Let j(o) = 1 - 3*o**2 - o**2 + 2*o**2. Let w(s) be the first derivative of -s**2/2 - 4*s + 6. Let y be w(-5). Give j(y).
-1
Let f(h) = h + 6. Let u = 11 + -16. Let m be f(u). Let q(o) be the third derivative of -7*o**5/60 - o**4/24 + 10*o**2. Determine q(m).
-8
Let d be 8/3 - 12/18. Let q(g) = -g - 2 + 1 - g + g. What is q(d)?
-3
Let a be (-5 - -13) + (0 - 3). Let m(u) = -7*u + 0*u**2 - 6*u**2 + u**3 + 0*u + a. Calculate m(7).
5
Let j(g) = g**2 - 2*g + 2. Let f be j(2). Let h(a) be the third derivative of a**4/24 - a**3/2 - a**2. Calculate h(f).
-1
Let x(m) = -38 + 23 + 19 - 5*m. What is x(3)?
-11
Let y(d) = d**3 - 5*d**2 - 5*d + 9. Let u(i) = -i**3 - 3*i**2 + i + 9. Let v be u(-3). Calculate y(v).
15
Let n(u) = -u**2 + 4*u - 6. Let p(g) = 2*g. Let m be p(2). Give n(m).
-6
Let c(v) = -9*v - 11. Let o(j) = 5*j + 6. Let b(l) = 3*c(l) + 5*o(l). Calculate b(-5).
7
Let y(u) = u**2 + u - 1. Let z(m) = -4*m**2 + 2*m. Let k(h) = -2*y(h) - z(h). Let b = 13 + -3. Let d be 4/b - (-24)/15. What is k(d)?
2
Let a(m) = -16*m - 11. Let q(i) = -3*i - 2. Let p(n) = -4*a(n) + 22*q(n). Calculate p(3).
-6
Let k(g) be the third derivative of -g**5/60 + 7*g**4/24 - g**3/6 + 44*g**2. What is k(5)?
9
Let a(b) = -7*b**2 + 10*b + 9. Let z(g) = 11*g**2 - 15*g - 14. Let m(c) = 8*a(c) + 5*z(c). Determine m(7).
-12
Suppose -4*d + 0*i + i + 9 = 0, 0 = -3*d - 3*i - 12. Let s(z) = -2 - d + 29*z - 28*z. Determine s(-3).
-6
Let v(i) be the second derivative of -i**5/20 - 5*i**4/12 - i**3/3 - 2*i**2 + 2*i. Suppose -5*f + l = 27, -4*l + 8*l = -f + 3. Give v(f).
6
Let j(i) = 2*i**3 + 2*i**2 + i + 1. Suppose 0 = -3*z + 9 + 3. Suppose 0 = -0*p + 2*p + z. Give j(p).
-9
Let x(r) = r**3 + 4*r**2 + 3*r. Suppose j - 23 = 4*z + 4*j, -4*z - 2*j - 18 = 0. Let y be x(z). Let d = y - 6. Let o(b) = -b - 1. Determine o(d).
3
Let b be 3 + (2 - 3 - -3). Let w = 0 - 6. Let r = b + w. Let q(j) = 2*j**3 + j. Determine q(r).
-3
Let p be 15/((-2)/((-4)/3)). Let t be ((-4)/(-6))/(p/(-15)). Let l be 3 + ((-2)/(-2))/t. Let i(m) = -m + 4. What is i(l)?
2
Let r(j) = j**3 - 1. Let l(y) = -5*y**2 + 1 + 6*y + 10*y**2 - 11*y**2. Let t(k) = l(k) + r(k). What is t(5)?
5
Let z(l) = l**3 + l**2 + 2*l + 2. Let v = 162 - 164. Determine z(v).
-6
Let n(j) = -4*j + 3. Let u(x) = 21*x - 16. Let r(f) = 11*n(f) + 2*u(f). What is r(-6)?
13
Let z(l) = -l**2 - 30 + 6 - 5*l + l**3 + 21. Give z(-2).
-5
Let t(h) = -h**2 + h + 2. Let m(g) = -g**2 - 6*g - 5. Let a be m(-5). Let d be t(a). Let r(u) = -5*u**2 + 7 - 6*u + u**d + 0*u**3 + u**3. What is r(5)?
2
Let s(q) = 3*q - 1. Suppose -8*r - 8 = -16*r. Give s(r).
2
Let u(s) = s + 3. Let i be 0 - ((-2)/(-1) + -5). Let h be 1 + 7 + -4 + 1. Suppose 10 = h*j, 9 = -i*p + j - 5. What is u(p)?
-1
Let d(m) = -5*m - m + 6*m - 2*m + 4. What is d(4)?
-4
Let w(u) = u**3 + 6*u**2 - 2*u - 9. Let d be w(-6). Suppose 0 = 2*v - 5*v + 12. Let s(h) = -h - v*h + h**2 - 1 + h. Determine s(d).
-4
Let t(f) = 7 - 48*f**2 + 26*f**2 - 3 + 6*f - f**3 + 28*f**2. Calculate t(7).
-3
Let c(r) be the third derivative of r**4/24 + r**3/3 + 3*r**2. Let j be c(-3). Let w(b) = 1 + 2*b - 2*b + 4*b**2. Calculate w(j).
5
Let n(o) = -o**3 - 3*o**2 - 3*o + 2. Let l be n(-3). Let v = -7 + l. Let h(g) be the first derivative of g**2/2 - 2*g - 1. Determine h(v).
2
Suppose -3*b + 10 = 4*l - 2*b, -l - 3 = 3*b. Let h(a) = 2*